{"id":365,"date":"2022-07-20T18:26:06","date_gmt":"2022-07-20T18:26:06","guid":{"rendered":"https:\/\/coronelaguirre.com.ar\/inicio\/?page_id=365"},"modified":"2022-09-22T13:49:18","modified_gmt":"2022-09-22T13:49:18","slug":"bienvenidos","status":"publish","type":"page","link":"https:\/\/coronelaguirre.com.ar\/inicio\/","title":{"rendered":"Bienvenidos"},"content":{"rendered":"<p>[vc_row full_width=&#8221;stretch_row_content&#8221; css=&#8221;.vc_custom_1658342367071{margin-top: 90px !important;}&#8221;][vc_column icons_position=&#8221;left&#8221;][vc_empty_space hide_on_wide=&#8221;&#8221; hide_on_desktop=&#8221;&#8221; hide_on_notebook=&#8221;&#8221; hide_on_tablet=&#8221;&#8221; hide_on_mobile=&#8221;&#8221;]\n\t\t\t<!-- START Slider 1 REVOLUTION SLIDER 6.5.25 --><p class=\"rs-p-wp-fix\"><\/p>\n\t\t\t<rs-module-wrap id=\"rev_slider_4_1_wrapper\" data-source=\"gallery\" style=\"visibility:hidden;background:#000000;padding:0;margin:0px auto;margin-top:0;margin-bottom:0;\">\n\t\t\t\t<rs-module id=\"rev_slider_4_1\" style=\"\" data-version=\"6.5.25\">\n\t\t\t\t\t<rs-slides>\n\t\t\t\t\t\t<rs-slide style=\"position: absolute;\" data-key=\"rs-7\" data-title=\"Slide\" data-in=\"o:0;\" data-out=\"a:false;\">\n\t\t\t\t\t\t\t<img fetchpriority=\"high\" decoding=\"async\" src=\"\/\/coronelaguirre.com.ar\/inicio\/wp-content\/plugins\/revslider\/public\/assets\/assets\/dummy.png\" alt=\"\" title=\"slyde\" width=\"1280\" height=\"500\" class=\"rev-slidebg tp-rs-img rs-lazyload\" data-lazyload=\"\/\/coronelaguirre.com.ar\/inicio\/wp-content\/uploads\/2022\/08\/slyde-1.png\" data-bg=\"p:center top;\" data-no-retina>\n<!--\n\t\t\t\t\t\t\t--><a\n\t\t\t\t\t\t\t\tid=\"slider-4-slide-7-layer-0\" \n\t\t\t\t\t\t\t\tclass=\"rs-layer rev-btn\"\n\t\t\t\t\t\t\t\thref=\"https:\/\/www.facebook.com\/profile.php?id=100064128278284\" target=\"_blank\" rel=\"noopener\"\n\t\t\t\t\t\t\t\tdata-type=\"button\"\n\t\t\t\t\t\t\t\tdata-bsh=\"c:rgba(0,0,0,0.15);h:5px,3px,4px,2px;v:5px,3px,4px,2px;b:10px,6px,7px,4px;\"\n\t\t\t\t\t\t\t\tdata-rsp_ch=\"on\"\n\t\t\t\t\t\t\t\tdata-xy=\"x:l,l,r,c;xo:872px,596px,64px,-5px;yo:226px,321px,334px,219px;\"\n\t\t\t\t\t\t\t\tdata-text=\"w:normal;s:28,19,22,22;l:93,63,73,70;fw:900;a:center;\"\n\t\t\t\t\t\t\t\tdata-dim=\"w:367px,250px,315px,357px;h:93px,63px,72px,69px;minh:0,none,none,none;\"\n\t\t\t\t\t\t\t\tdata-padding=\"r:86,59,69,52;l:86,59,69,52;\"\n\t\t\t\t\t\t\t\tdata-border=\"bor:3px,3px,3px,3px;\"\n\t\t\t\t\t\t\t\tdata-frame_999=\"o:0;st:w;\"\n\t\t\t\t\t\t\t\tdata-frame_hover=\"bgc:#007aff;bor:3px,3px,3px,3px;sp:100;e:power1.inOut;bri:120%;\"\n\t\t\t\t\t\t\t\tstyle=\"z-index:11;background-color:#ff3a2d;font-family:'Roboto';\"\n\t\t\t\t\t\t\t><i class=\"fa-facebook-square\"><\/i> FACEBOOCK \n\t\t\t\t\t\t\t<\/a><!--\n\n\t\t\t\t\t\t\t--><a\n\t\t\t\t\t\t\t\tid=\"slider-4-slide-7-layer-1\" \n\t\t\t\t\t\t\t\tclass=\"rs-layer rev-btn\"\n\t\t\t\t\t\t\t\thref=\"http:\/\/coronelaguirre.brio.club\/asociate\" target=\"_blank\" rel=\"noopener\"\n\t\t\t\t\t\t\t\tdata-type=\"button\"\n\t\t\t\t\t\t\t\tdata-bsh=\"c:rgba(0,0,0,0.15);h:5px,3px,4px,2px;v:5px,3px,4px,2px;b:9px,6px,7px,4px;\"\n\t\t\t\t\t\t\t\tdata-rsp_ch=\"on\"\n\t\t\t\t\t\t\t\tdata-xy=\"x:l,l,l,c;xo:871px,593px,399px,-3px;yo:131px,164px,252px,138px;\"\n\t\t\t\t\t\t\t\tdata-text=\"w:normal;s:28,19,26,22;l:84,57,71,70;ls:0,0,0px,0px;fw:900;a:center;\"\n\t\t\t\t\t\t\t\tdata-dim=\"w:370px,252px,315px,360px;h:84.5px,57px,72px,72px;minh:0,none,none,none;\"\n\t\t\t\t\t\t\t\tdata-padding=\"r:77,53,67,50;l:77,53,67,50;\"\n\t\t\t\t\t\t\t\tdata-border=\"bor:3px,3px,3px,3px;\"\n\t\t\t\t\t\t\t\tdata-frame_999=\"o:0;st:w;\"\n\t\t\t\t\t\t\t\tdata-frame_hover=\"bgc:#007aff;bor:3px,3px,3px,3px;sp:100;e:power1.inOut;bri:120%;\"\n\t\t\t\t\t\t\t\tstyle=\"z-index:13;background-color:#46a533;font-family:'Roboto';\"\n\t\t\t\t\t\t\t><i class=\"fa-user\"><\/i> ASOCIATE \n\t\t\t\t\t\t\t<\/a><!--\n\n\t\t\t\t\t\t\t--><a\n\t\t\t\t\t\t\t\tid=\"slider-4-slide-7-layer-2\" \n\t\t\t\t\t\t\t\tclass=\"rs-layer rev-btn\"\n\t\t\t\t\t\t\t\thref=\"http:\/\/coronelaguirre.brio.club\" target=\"_blank\" rel=\"noopener\"\n\t\t\t\t\t\t\t\tdata-type=\"button\"\n\t\t\t\t\t\t\t\tdata-rsp_ch=\"on\"\n\t\t\t\t\t\t\t\tdata-xy=\"x:r,r,r,c;xo:260px,178px,393px,-2px;yo:44px,89px,254px,64px;\"\n\t\t\t\t\t\t\t\tdata-text=\"w:normal;s:28,19,24,22;l:76,51,63,70;fw:900;a:center;\"\n\t\t\t\t\t\t\t\tdata-dim=\"w:370px,252px,auto,362px;h:auto,auto,auto,66px;minh:0,none,none,none;\"\n\t\t\t\t\t\t\t\tdata-padding=\"r:70,48,60,44;l:70,48,60,44;\"\n\t\t\t\t\t\t\t\tdata-border=\"bor:3px,3px,3px,3px;\"\n\t\t\t\t\t\t\t\tdata-frame_999=\"o:0;st:w;\"\n\t\t\t\t\t\t\t\tdata-frame_hover=\"bgc:#007aff;bor:3px,3px,3px,3px;sp:100;e:power1.inOut;bri:120%;\"\n\t\t\t\t\t\t\t\tstyle=\"z-index:12;background-color:#ff3a2d;font-family:'Roboto';text-transform:uppercase;\"\n\t\t\t\t\t\t\t><i class=\"fa-tv\"><\/i> SEDE VIRTUAL<br \/>\n \n\t\t\t\t\t\t\t<\/a><!--\n\n\t\t\t\t\t\t\t--><a\n\t\t\t\t\t\t\t\tid=\"slider-4-slide-7-layer-3\" \n\t\t\t\t\t\t\t\tclass=\"rs-layer rev-btn\"\n\t\t\t\t\t\t\t\thref=\"https:\/\/www.instagram.com\/p\/CVQMMNWlchf\/\" target=\"_blank\" rel=\"noopener\"\n\t\t\t\t\t\t\t\tdata-type=\"button\"\n\t\t\t\t\t\t\t\tdata-bsh=\"c:rgba(0,0,0,0.15);h:5px,3px,4px,2px;v:5px,3px,4px,2px;b:10px,6px,7px,4px;\"\n\t\t\t\t\t\t\t\tdata-rsp_ch=\"on\"\n\t\t\t\t\t\t\t\tdata-xy=\"x:l,l,l,c;xo:873px,595px,70px,-6px;yo:332px,238px,333px,297px;\"\n\t\t\t\t\t\t\t\tdata-text=\"w:normal;s:28,19,22,22;l:93,63,71,70;fw:900;a:center;\"\n\t\t\t\t\t\t\t\tdata-dim=\"w:366px,249px,314.15px,355.15px;h:93.5px,63px,71px,73px;minh:0,none,none,none;\"\n\t\t\t\t\t\t\t\tdata-padding=\"r:86,59,67,49;l:86,59,67,49;\"\n\t\t\t\t\t\t\t\tdata-border=\"bor:3px,3px,3px,3px;\"\n\t\t\t\t\t\t\t\tdata-frame_999=\"o:0;st:w;\"\n\t\t\t\t\t\t\t\tdata-frame_hover=\"bgc:#007aff;bor:3px,3px,3px,3px;sp:100;e:power1.inOut;bri:120%;\"\n\t\t\t\t\t\t\t\tstyle=\"z-index:14;background-color:#46a533;font-family:'Roboto';\"\n\t\t\t\t\t\t\t><i class=\"fa-instagram\"><\/i> INSTAGRAM \n\t\t\t\t\t\t\t<\/a><!--\n\n\t\t\t\t\t\t\t--><rs-layer\n\t\t\t\t\t\t\t\tid=\"slider-4-slide-7-layer-4\" \n\t\t\t\t\t\t\t\tdata-type=\"text\"\n\t\t\t\t\t\t\t\tdata-rsp_ch=\"on\"\n\t\t\t\t\t\t\t\tdata-xy=\"x:l,l,l,c;xo:314px,64px,72px,15px;yo:72px,164px,458px,396px;\"\n\t\t\t\t\t\t\t\tdata-text=\"w:normal;s:32,31,39,27;l:49,49,40,38;fw:900;\"\n\t\t\t\t\t\t\t\tdata-dim=\"w:453px,457px,auto,392px;\"\n\t\t\t\t\t\t\t\tdata-frame_999=\"o:0;st:w;\"\n\t\t\t\t\t\t\t\tstyle=\"z-index:9;font-family:'Roboto';\"\n\t\t\t\t\t\t\t>El m\u00e1s campe\u00f3n de la ciudad \n\t\t\t\t\t\t\t<\/rs-layer><!--\n\n\t\t\t\t\t\t\t--><rs-layer\n\t\t\t\t\t\t\t\tid=\"slider-4-slide-7-layer-5\" \n\t\t\t\t\t\t\t\tdata-type=\"shape\"\n\t\t\t\t\t\t\t\tdata-rsp_ch=\"on\"\n\t\t\t\t\t\t\t\tdata-xy=\"xo:248px,18px,-2px,-39px;yo:42px,88px,-31px,-17px;\"\n\t\t\t\t\t\t\t\tdata-text=\"w:normal;s:20,13,9,5;l:0,17,12,7;\"\n\t\t\t\t\t\t\t\tdata-dim=\"w:574px,534px,784px,554px;h:374px,323px,993px,747px;\"\n\t\t\t\t\t\t\t\tdata-frame_999=\"o:0;st:w;\"\n\t\t\t\t\t\t\t\tstyle=\"z-index:8;background-color:rgba(0,0,0,0.66);\"\n\t\t\t\t\t\t\t> \n\t\t\t\t\t\t\t<\/rs-layer><!--\n\n\t\t\t\t\t\t\t--><rs-layer\n\t\t\t\t\t\t\t\tid=\"slider-4-slide-7-layer-6\" \n\t\t\t\t\t\t\t\tdata-type=\"text\"\n\t\t\t\t\t\t\t\tdata-color=\"#fff\"\n\t\t\t\t\t\t\t\tdata-rsp_ch=\"on\"\n\t\t\t\t\t\t\t\tdata-xy=\"x:l,l,l,c;xo:313px,65px,72px,-5px;yo:143px,228px,533px,453px;\"\n\t\t\t\t\t\t\t\tdata-text=\"w:normal;s:16,14,18,16;l:21,14,22,18;fw:500;a:left,left,left,inherit;\"\n\t\t\t\t\t\t\t\tdata-dim=\"w:424px,433px,650px,355px;h:279px,190px,230px,170px;minh:0,none,none,none;\"\n\t\t\t\t\t\t\t\tdata-frame_999=\"o:0;st:w;\"\n\t\t\t\t\t\t\t\tstyle=\"z-index:10;font-family:'Roboto';\"\n\t\t\t\t\t\t\t>El Club Coronel Aguirre naci\u00f3 el 10 de octubre de 1924 y se coron\u00f3 campe\u00f3n  en la Liga Rosarina en el Torneo Pinasco, en 2000 y tres veces en el Molinas, 2006-2009 y 2018.<br \/>\n<br \/>\nGracias a esos campeonatos logr\u00f3 participar en el Argentino C, logrando el ascenso en el a\u00f1o 2013 al Federal B, en Viale, Entre R\u00edos.<br \/>\nA partir de ah\u00ed dijo presente en el Federal B, hoy Torneo Regional Amateur.<br \/>\n<br \/>\nEn la Copa Santa Fe particip\u00f3 en todas las ediciones. \n\t\t\t\t\t\t\t<\/rs-layer><!--\n-->\t\t\t\t\t\t<\/rs-slide>\n\t\t\t\t\t<\/rs-slides>\n\t\t\t\t<\/rs-module>\n\t\t\t\t<script>\n\t\t\t\t\tsetREVStartSize({c: 'rev_slider_4_1',rl:[1240,1024,778,480],el:[490,768,960,720],gw:[1500,1024,778,480],gh:[490,768,960,720],type:'standard',justify:'',layout:'fullwidth',mh:\"0\"});if (window.RS_MODULES!==undefined && window.RS_MODULES.modules!==undefined && window.RS_MODULES.modules[\"revslider41\"]!==undefined) {window.RS_MODULES.modules[\"revslider41\"].once = false;window.revapi4 = undefined;if (window.RS_MODULES.checkMinimal!==undefined) window.RS_MODULES.checkMinimal()}\n\t\t\t\t<\/script>\n\t\t\t<\/rs-module-wrap>\n\t\t\t<!-- END REVOLUTION SLIDER -->\n[\/vc_column][\/vc_row][vc_row full_width=&#8221;stretch_row&#8221; content_placement=&#8221;middle&#8221; css=&#8221;.vc_custom_1659534206950{margin-bottom: 0px !important;padding-top: 15px !important;background-color: #262626 !important;}&#8221;][vc_column icons_position=&#8221;left&#8221; css=&#8221;.vc_custom_1659395835579{padding-top: 10px !important;padding-bottom: 10px !important;}&#8221;]<div id=\"ult-carousel-317954429069eb5dae715a8\" class=\"ult-carousel-wrapper   ult_horizontal\" data-gutter=\"15\" data-rtl=\"false\" ><div class=\"ult-carousel-66097539269eb5dae71385 \" >[vc_single_image image=&#8221;565&#8243; img_size=&#8221;80&#215;80&#8243; onclick=&#8221;custom_link&#8221; link=&#8221;https:\/\/softwareclubes.com.ar\/&#8221;][vc_single_image image=&#8221;709&#8243; img_size=&#8221;100&#215;100&#8243; onclick=&#8221;custom_link&#8221; link=&#8221;https:\/\/allegrasrl.com\/&#8221;][vc_single_image image=&#8221;711&#8243; img_size=&#8221;80&#215;80&#8243;]<\/div><\/div>\t\t\t<script type=\"text\/javascript\">\r\n\t\t\t\tjQuery(document).ready(function ($) {\r\n\t\t\t\t\tif( typeof jQuery('.ult-carousel-66097539269eb5dae71385').slick == \"function\"){\r\n\t\t\t\t\t\t$('.ult-carousel-66097539269eb5dae71385').slick({dots: true,autoplay: true,autoplaySpeed: 5000,speed: 300,infinite: true,arrows: false,slidesToScroll:1,slidesToShow:5,swipe: true,draggable: true,touchMove: true,pauseOnHover: true,pauseOnFocus: false,centerMode: true,focusOnSelect: true,responsive: [\r\n\t\t\t\t\t\t\t{\r\n\t\t\t\t\t\t\t  breakpoint: 1026,\r\n\t\t\t\t\t\t\t  settings: {\r\n\t\t\t\t\t\t\t\tslidesToShow: 5,\r\n\t\t\t\t\t\t\t\tslidesToScroll: 1,  \r\n\t\t\t\t\t\t\t  }\r\n\t\t\t\t\t\t\t},\r\n\t\t\t\t\t\t\t{\r\n\t\t\t\t\t\t\t  breakpoint: 1025,\r\n\t\t\t\t\t\t\t  settings: {\r\n\t\t\t\t\t\t\t\tslidesToShow: 3,\r\n\t\t\t\t\t\t\t\tslidesToScroll: 1\r\n\t\t\t\t\t\t\t  }\r\n\t\t\t\t\t\t\t},\r\n\t\t\t\t\t\t\t{\r\n\t\t\t\t\t\t\t  breakpoint: 760,\r\n\t\t\t\t\t\t\t  settings: {\r\n\t\t\t\t\t\t\t\tslidesToShow: 2,\r\n\t\t\t\t\t\t\t\tslidesToScroll: 1\r\n\t\t\t\t\t\t\t  }\r\n\t\t\t\t\t\t\t}\r\n\t\t\t\t\t\t],pauseOnDotsHover: true,customPaging: function(slider, i) {\r\n                   return '<i type=\"button\" style= \"color:#333333;\" class=\"ultsl-record\" data-role=\"none\"><\/i>';\r\n                },});\r\n\t\t\t\t\t}\r\n\t\t\t\t});\r\n\t\t\t<\/script>\r\n\t\t\t[\/vc_column][\/vc_row][vc_row full_width=&#8221;stretch_row&#8221; content_placement=&#8221;middle&#8221; bg_type=&#8221;grad&#8221; bg_override=&#8221;full&#8221; css=&#8221;.vc_custom_1659535143574{margin-bottom: px !important;background-color: #262626 !important;}&#8221; bg_grad=&#8221;background: url(data:image\/svg+xml;base64,PHN2ZyB4bWxucz0iaHR0cDovL3d3dy53My5vcmcvMjAwMC9zdmciPjxkZWZzPjxsaW5lYXJHcmFkaWVudCBpZD0iZ3JhZGllbnQiIHgxPSIwJSIgeTE9IjAlIiB4Mj0iMCUiIHkyPSIxMDAlIj48c3RvcCBvZmZzZXQ9IjAlIiBzdHlsZT0ic3RvcC1jb2xvcjojRkYwMDAwOyIgLz48c3RvcCBvZmZzZXQ9IjEyJSIgc3R5bGU9InN0b3AtY29sb3I6I0ZGMDAwMDsiIC8+PHN0b3Agb2Zmc2V0PSI5OSUiIHN0eWxlPSJzdG9wLWNvbG9yOiMwM0FEMTc7IiAvPjwvbGluZWFyR3JhZGllbnQ+PC9kZWZzPjxyZWN0IGZpbGw9InVybCgjZ3JhZGllbnQpIiBoZWlnaHQ9IjEwMCUiIHdpZHRoPSIxMDAlIiAvPjwvc3ZnPg==);background: -webkit-gradient(linear, left top, left bottom, color-stop(0%, #FF0000), color-stop(12%, #FF0000), color-stop(99%, #03AD17));background: -moz-linear-gradient(left,#FF0000 0%,#FF0000 12%,#03AD17 99%);background: -webkit-linear-gradient(left,#FF0000 0%,#FF0000 12%,#03AD17 99%);background: -o-linear-gradient(left,#FF0000 0%,#FF0000 12%,#03AD17 99%);background: -ms-linear-gradient(left,#FF0000 0%,#FF0000 12%,#03AD17 99%);background: linear-gradient(left,#FF0000 0%,#FF0000 12%,#03AD17 99%);&#8221;][vc_column icons_position=&#8221;left&#8221; css=&#8221;.vc_custom_1659395835579{padding-top: 10px !important;padding-bottom: 10px !important;}&#8221;][vc_custom_heading text=&#8221;LA PASI\u00d3N DEL BARRIO, EL CORAZ\u00d3N DE LA CIUDAD&#8221; font_container=&#8221;tag:h2|text_align:center|color:%23ffffff&#8221; google_fonts=&#8221;font_family:Open%20Sans%3A300%2C300italic%2Cregular%2Citalic%2C600%2C600italic%2C700%2C700italic%2C800%2C800italic|font_style:700%20bold%20italic%3A700%3Aitalic&#8221;][vc_empty_space height=&#8221;85px&#8221; alter_height=&#8221;medium&#8221; hide_on_wide=&#8221;&#8221; hide_on_desktop=&#8221;&#8221; hide_on_notebook=&#8221;&#8221; hide_on_tablet=&#8221;&#8221; hide_on_mobile=&#8221;&#8221;][\/vc_column][\/vc_row][vc_row][vc_column icons_position=&#8221;left&#8221;][vc_empty_space hide_on_wide=&#8221;&#8221; hide_on_desktop=&#8221;&#8221; hide_on_notebook=&#8221;&#8221; hide_on_tablet=&#8221;&#8221; hide_on_mobile=&#8221;&#8221;][vc_empty_space height=&#8221;12px&#8221; hide_on_wide=&#8221;&#8221; hide_on_desktop=&#8221;&#8221; hide_on_notebook=&#8221;&#8221; hide_on_tablet=&#8221;&#8221; hide_on_mobile=&#8221;&#8221;]<div class=\"uavc-list-icon uavc-list-icon-wrapper ult-adjust-bottom-margin   \"><ul class=\"uavc-list\"><li><div class=\"uavc-list-content\" id=\"list-icon-wrap-8630\">\n<div class=\"uavc-list-icon  \" data-animation=\"\" data-animation-delay=\"03\" style=\"margin-right:8px;\"><div class=\"ult-just-icon-wrapper  \"><div class=\"align-icon\" style=\"text-align:center;\">\n<div class=\"aio-icon none \"  style=\"color:#fc4d3a;font-size:30px;display:inline-block;\">\n\t<i class=\"Defaults-home\"><\/i>\n<\/div><\/div><\/div>\n<\/div><span  data-ultimate-target='#list-icon-wrap-8630 .uavc-list-desc'  data-responsive-json-new='{\"font-size\":\"\",\"line-height\":\"\"}'  class=\"uavc-list-desc ult-responsive\" style=\"\"><strong>Direcci\u00f3n:<\/strong> Soldado Aguirre, Villa Gobernador G\u00e1lvez, Argentina.<\/p>\n<p><\/span><\/div><\/li><li><div class=\"uavc-list-content\" id=\"list-icon-wrap-9670\">\n<div class=\"uavc-list-icon  \" data-animation=\"\" data-animation-delay=\"03\" style=\"margin-right:8px;\"><div class=\"ult-just-icon-wrapper  \"><div class=\"align-icon\" style=\"text-align:center;\">\n<div class=\"aio-icon none \"  style=\"color:#fc4d3a;font-size:30px;display:inline-block;\">\n\t<i class=\"Defaults-phone-square\"><\/i>\n<\/div><\/div><\/div>\n<\/div><span  data-ultimate-target='#list-icon-wrap-9670 .uavc-list-desc'  data-responsive-json-new='{\"font-size\":\"\",\"line-height\":\"\"}'  class=\"uavc-list-desc ult-responsive\" style=\"\">Whatsapp: +54 9 3416 48-3797<\/p>\n<p><\/span><\/div><\/li><li><div class=\"uavc-list-content\" id=\"list-icon-wrap-3106\">\n<div class=\"uavc-list-icon  \" data-animation=\"\" data-animation-delay=\"03\" style=\"margin-right:8px;\"><div class=\"ult-just-icon-wrapper  \"><div class=\"align-icon\" style=\"text-align:center;\">\n<div class=\"aio-icon none \"  style=\"color:#fc4d3a;font-size:30px;display:inline-block;\">\n\t<i class=\"Defaults-envelope\"><\/i>\n<\/div><\/div><\/div>\n<\/div><span  data-ultimate-target='#list-icon-wrap-3106 .uavc-list-desc'  data-responsive-json-new='{\"font-size\":\"\",\"line-height\":\"\"}'  class=\"uavc-list-desc ult-responsive\" style=\"\">info@coronelaguirre.com.ar<\/p>\n<p><\/span><\/div><\/li><\/ul><\/div>[\/vc_column][\/vc_row][vc_row][vc_column icons_position=&#8221;left&#8221;][vc_gmaps link=&#8221;#E-8_JTNDaWZyYW1lJTIwc3JjJTNEJTIyaHR0cHMlM0ElMkYlMkZ3d3cuZ29vZ2xlLmNvbSUyRm1hcHMlMkZlbWJlZCUzRnBiJTNEJTIxMW0xOCUyMTFtMTIlMjExbTMlMjExZDMzNDUuMDIxMjU5MTU1MDU3JTIxMmQtNjAuNjQ4ODUwMDg0ODExNTglMjEzZC0zMy4wMjk1NzAzODA4OTY0NiUyMTJtMyUyMTFmMCUyMTJmMCUyMTNmMCUyMTNtMiUyMTFpMTAyNCUyMTJpNzY4JTIxNGYxMy4xJTIxM20zJTIxMW0yJTIxMXMweDk1YjdhOTE0OGRlZTQyMTElMjUzQTB4MTIxZGVmZjc1NjBkMjU1YSUyMTJzQXYuJTI1MjBTb2xkYWRvJTI1MjBBbGJlcnRvJTI1MjBBZ3VpcnJlJTI1MkMlMjUyMFZpbGxhJTI1MjBHZG9yLiUyNTIwR2FsdmV6JTI1MkMlMjUyMFNhbnRhJTI1MjBGZSUyMTVlMCUyMTNtMiUyMTFzZXMlMjEyc2FyJTIxNHYxNjU4MzQzMTEzNzkwJTIxNW0yJTIxMXNlcyUyMTJzYXIlMjIlMjB3aWR0aCUzRCUyMjYwMCUyMiUyMGhlaWdodCUzRCUyMjE3MCUyMiUyMHN0eWxlJTNEJTIyYm9yZGVyJTNBMCUzQiUyMiUyMGFsbG93ZnVsbHNjcmVlbiUzRCUyMiUyMiUyMGxvYWRpbmclM0QlMjJsYXp5JTIyJTIwcmVmZXJyZXJwb2xpY3klM0QlMjJuby1yZWZlcnJlci13aGVuLWRvd25ncmFkZSUyMiUzRSUzQyUyRmlmcmFtZSUzRQ==&#8221;][\/vc_column][\/vc_row]<\/p>\n","protected":false},"excerpt":{"rendered":"<p>[vc_row full_width=&#8221;stretch_row_content&#8221; css=&#8221;.vc_custom_1658342367071{margin-top: 90px !important;}&#8221;][vc_column icons_position=&#8221;left&#8221;][vc_empty_space hide_on_wide=&#8221;&#8221; hide_on_desktop=&#8221;&#8221; hide_on_notebook=&#8221;&#8221; hide_on_tablet=&#8221;&#8221; hide_on_mobile=&#8221;&#8221;][\/vc_column][\/vc_row][vc_row full_width=&#8221;stretch_row&#8221; content_placement=&#8221;middle&#8221; css=&#8221;.vc_custom_1659534206950{margin-bottom: 0px !important;padding-top: 15px !important;background-color: #262626 !important;}&#8221;][vc_column icons_position=&#8221;left&#8221; css=&#8221;.vc_custom_1659395835579{padding-top: 10px !important;padding-bottom: 10px !important;}&#8221;][\/vc_column][\/vc_row][vc_row full_width=&#8221;stretch_row&#8221; content_placement=&#8221;middle&#8221; bg_type=&#8221;grad&#8221; bg_override=&#8221;full&#8221; css=&#8221;.vc_custom_1659535143574{margin-bottom: px !important;background-color: #262626 !important;}&#8221; bg_grad=&#8221;background: url(data:image\/svg+xml;base64,PHN2ZyB4bWxucz0iaHR0cDovL3d3dy53My5vcmcvMjAwMC9zdmciPjxkZWZzPjxsaW5lYXJHcmFkaWVudCBpZD0iZ3JhZGllbnQiIHgxPSIwJSIgeTE9IjAlIiB4Mj0iMCUiIHkyPSIxMDAlIj48c3RvcCBvZmZzZXQ9IjAlIiBzdHlsZT0ic3RvcC1jb2xvcjojRkYwMDAwOyIgLz48c3RvcCBvZmZzZXQ9IjEyJSIgc3R5bGU9InN0b3AtY29sb3I6I0ZGMDAwMDsiIC8+PHN0b3Agb2Zmc2V0PSI5OSUiIHN0eWxlPSJzdG9wLWNvbG9yOiMwM0FEMTc7IiAvPjwvbGluZWFyR3JhZGllbnQ+PC9kZWZzPjxyZWN0IGZpbGw9InVybCgjZ3JhZGllbnQpIiBoZWlnaHQ9IjEwMCUiIHdpZHRoPSIxMDAlIiAvPjwvc3ZnPg==);background: -webkit-gradient(linear, left&hellip;<\/p>\n","protected":false},"author":2,"featured_media":0,"parent":0,"menu_order":0,"comment_status":"closed","ping_status":"closed","template":"","meta":{"footnotes":""},"class_list":["post-365","page","type-page","status-publish","hentry"],"_links":{"self":[{"href":"https:\/\/coronelaguirre.com.ar\/inicio\/wp-json\/wp\/v2\/pages\/365","targetHints":{"allow":["GET"]}}],"collection":[{"href":"https:\/\/coronelaguirre.com.ar\/inicio\/wp-json\/wp\/v2\/pages"}],"about":[{"href":"https:\/\/coronelaguirre.com.ar\/inicio\/wp-json\/wp\/v2\/types\/page"}],"author":[{"embeddable":true,"href":"https:\/\/coronelaguirre.com.ar\/inicio\/wp-json\/wp\/v2\/users\/2"}],"replies":[{"embeddable":true,"href":"https:\/\/coronelaguirre.com.ar\/inicio\/wp-json\/wp\/v2\/comments?post=365"}],"version-history":[{"count":5,"href":"https:\/\/coronelaguirre.com.ar\/inicio\/wp-json\/wp\/v2\/pages\/365\/revisions"}],"predecessor-version":[{"id":724,"href":"https:\/\/coronelaguirre.com.ar\/inicio\/wp-json\/wp\/v2\/pages\/365\/revisions\/724"}],"wp:attachment":[{"href":"https:\/\/coronelaguirre.com.ar\/inicio\/wp-json\/wp\/v2\/media?parent=365"}],"curies":[{"name":"wp","href":"https:\/\/api.w.org\/{rel}","templated":true}]}}